{"id":25,"date":"2016-01-08T14:19:59","date_gmt":"2016-01-08T13:19:59","guid":{"rendered":"http:\/\/www.speisegesellschaft.ch\/?page_id=25"},"modified":"2016-01-08T15:42:08","modified_gmt":"2016-01-08T14:42:08","slug":"stiftung-sp-bildung","status":"publish","type":"page","link":"https:\/\/www.speisegesellschaft.ch\/index.php\/engagement\/stiftung-sp-bildung\/","title":{"rendered":"Stiftung SP Bildung"},"content":{"rendered":"<p>Die Stiftung SP Bildung steht ganz in der Tradition der Speisegesellschaft Winterthur und ihrer Vorg\u00e4ngerorganisation, dem Allgemeinen Arbeiter Bildungs-Verein Winterthur. Entsprechend unterst\u00fctzt die Speisegesellschaft die Stiftung mit einem j\u00e4hrlich wiederkehrenden Beitrag.<\/p>\n<p class=\"prosa\">Die Anliegen der Stiftung SP Bildung sind so alt wie die Arbeiter- und Arbeiterinnenbewegung: Sie hat es sich zur Aufgabe gemacht, das sozialdemokratische Gedankengut innerhalb und im Umkreis der Partei zu f\u00f6rdern..Neben einem auf die Grundlagenbildung abzielenden Angebot ist es ihr auch wichtig, dass die Ausbildung der Amtsinhaber und -inhaberinnen der SP verbessert wird und dass neue Ans\u00e4tze einer sozialdemokratischen Politik in einer parteiinternen \u00d6ffentlichkeit diskutiert werden k\u00f6nnen. Auch Nicht-Parteimitglieder sind an den Veranstaltungen herzlich willkommen!<\/p>\n<p class=\"prosa\">Getragen wird die Stiftung von einem privaten Stifter, der <a href=\"http:\/\/www.spzuerich.ch\" target=\"_blank\">SP Kanton Z\u00fcrich<\/a> sowie diversen Spenderinnen und Spendern. Organisatorisch und formell ist sie von der SP Kanton Z\u00fcrich v\u00f6llig unabh\u00e4ngig, es besteht aber eine gut koordinierte Zusammenarbeit.<\/p>\n<p class=\"prosa\"><a href=\"http:\/\/www.spbildung.ch\" target=\"_blank\">Zur Website<\/a><\/p>\n","protected":false},"excerpt":{"rendered":"<p>Die Stiftung SP Bildung steht ganz in der Tradition der Speisegesellschaft Winterthur und ihrer Vorg\u00e4ngerorganisation, dem Allgemeinen Arbeiter Bildungs-Verein Winterthur. Entsprechend unterst\u00fctzt die Speisegesellschaft die Stiftung mit einem j\u00e4hrlich wiederkehrenden Beitrag. Die Anliegen der Stiftung SP Bildung sind so alt<\/p>\n","protected":false},"author":3,"featured_media":0,"parent":20,"menu_order":2,"comment_status":"closed","ping_status":"closed","template":"","meta":{"footnotes":""},"class_list":["post-25","page","type-page","status-publish","hentry"],"yoast_head":"<!-- This site is optimized with the Yoast SEO plugin v27.5 - https:\/\/yoast.com\/product\/yoast-seo-wordpress\/ -->\n<title>Stiftung SP Bildung - Speisegesellschaft Winterthur<\/title>\n<meta name=\"robots\" content=\"index, follow, max-snippet:-1, max-image-preview:large, max-video-preview:-1\" \/>\n<link rel=\"canonical\" href=\"https:\/\/www.speisegesellschaft.ch\/index.php\/engagement\/stiftung-sp-bildung\/\" \/>\n<meta property=\"og:locale\" content=\"de_DE\" \/>\n<meta property=\"og:type\" content=\"article\" \/>\n<meta property=\"og:title\" content=\"Stiftung SP Bildung - Speisegesellschaft Winterthur\" \/>\n<meta property=\"og:description\" content=\"Die Stiftung SP Bildung steht ganz in der Tradition der Speisegesellschaft Winterthur und ihrer Vorg\u00e4ngerorganisation, dem Allgemeinen Arbeiter Bildungs-Verein Winterthur. Entsprechend unterst\u00fctzt die Speisegesellschaft die Stiftung mit einem j\u00e4hrlich wiederkehrenden Beitrag. Die Anliegen der Stiftung SP Bildung sind so alt\" \/>\n<meta property=\"og:url\" content=\"https:\/\/www.speisegesellschaft.ch\/index.php\/engagement\/stiftung-sp-bildung\/\" \/>\n<meta property=\"og:site_name\" content=\"Speisegesellschaft Winterthur\" \/>\n<meta property=\"article:modified_time\" content=\"2016-01-08T14:42:08+00:00\" \/>\n<meta name=\"twitter:card\" content=\"summary_large_image\" \/>\n<meta name=\"twitter:label1\" content=\"Gesch\u00e4tzte Lesezeit\" \/>\n\t<meta name=\"twitter:data1\" content=\"1\u00a0Minute\" \/>\n<script type=\"application\/ld+json\" class=\"yoast-schema-graph\">{\"@context\":\"https:\\\/\\\/schema.org\",\"@graph\":[{\"@type\":\"WebPage\",\"@id\":\"https:\\\/\\\/www.speisegesellschaft.ch\\\/index.php\\\/engagement\\\/stiftung-sp-bildung\\\/\",\"url\":\"https:\\\/\\\/www.speisegesellschaft.ch\\\/index.php\\\/engagement\\\/stiftung-sp-bildung\\\/\",\"name\":\"Stiftung SP Bildung - Speisegesellschaft Winterthur\",\"isPartOf\":{\"@id\":\"https:\\\/\\\/www.speisegesellschaft.ch\\\/#website\"},\"datePublished\":\"2016-01-08T13:19:59+00:00\",\"dateModified\":\"2016-01-08T14:42:08+00:00\",\"breadcrumb\":{\"@id\":\"https:\\\/\\\/www.speisegesellschaft.ch\\\/index.php\\\/engagement\\\/stiftung-sp-bildung\\\/#breadcrumb\"},\"inLanguage\":\"de\",\"potentialAction\":[{\"@type\":\"ReadAction\",\"target\":[\"https:\\\/\\\/www.speisegesellschaft.ch\\\/index.php\\\/engagement\\\/stiftung-sp-bildung\\\/\"]}]},{\"@type\":\"BreadcrumbList\",\"@id\":\"https:\\\/\\\/www.speisegesellschaft.ch\\\/index.php\\\/engagement\\\/stiftung-sp-bildung\\\/#breadcrumb\",\"itemListElement\":[{\"@type\":\"ListItem\",\"position\":1,\"name\":\"Home\",\"item\":\"https:\\\/\\\/www.speisegesellschaft.ch\\\/\"},{\"@type\":\"ListItem\",\"position\":2,\"name\":\"Engagement\",\"item\":\"https:\\\/\\\/www.speisegesellschaft.ch\\\/index.php\\\/engagement\\\/\"},{\"@type\":\"ListItem\",\"position\":3,\"name\":\"Stiftung SP Bildung\"}]},{\"@type\":\"WebSite\",\"@id\":\"https:\\\/\\\/www.speisegesellschaft.ch\\\/#website\",\"url\":\"https:\\\/\\\/www.speisegesellschaft.ch\\\/\",\"name\":\"Speisegesellschaft Winterthur\",\"description\":\"vormals Allgemeiner Arbeiter-Bildungs-Verein Winterthur\",\"potentialAction\":[{\"@type\":\"SearchAction\",\"target\":{\"@type\":\"EntryPoint\",\"urlTemplate\":\"https:\\\/\\\/www.speisegesellschaft.ch\\\/?s={search_term_string}\"},\"query-input\":{\"@type\":\"PropertyValueSpecification\",\"valueRequired\":true,\"valueName\":\"search_term_string\"}}],\"inLanguage\":\"de\"}]}<\/script>\n<!-- \/ Yoast SEO plugin. -->","yoast_head_json":{"title":"Stiftung SP Bildung - Speisegesellschaft Winterthur","robots":{"index":"index","follow":"follow","max-snippet":"max-snippet:-1","max-image-preview":"max-image-preview:large","max-video-preview":"max-video-preview:-1"},"canonical":"https:\/\/www.speisegesellschaft.ch\/index.php\/engagement\/stiftung-sp-bildung\/","og_locale":"de_DE","og_type":"article","og_title":"Stiftung SP Bildung - Speisegesellschaft Winterthur","og_description":"Die Stiftung SP Bildung steht ganz in der Tradition der Speisegesellschaft Winterthur und ihrer Vorg\u00e4ngerorganisation, dem Allgemeinen Arbeiter Bildungs-Verein Winterthur. Entsprechend unterst\u00fctzt die Speisegesellschaft die Stiftung mit einem j\u00e4hrlich wiederkehrenden Beitrag. Die Anliegen der Stiftung SP Bildung sind so alt","og_url":"https:\/\/www.speisegesellschaft.ch\/index.php\/engagement\/stiftung-sp-bildung\/","og_site_name":"Speisegesellschaft Winterthur","article_modified_time":"2016-01-08T14:42:08+00:00","twitter_card":"summary_large_image","twitter_misc":{"Gesch\u00e4tzte Lesezeit":"1\u00a0Minute"},"schema":{"@context":"https:\/\/schema.org","@graph":[{"@type":"WebPage","@id":"https:\/\/www.speisegesellschaft.ch\/index.php\/engagement\/stiftung-sp-bildung\/","url":"https:\/\/www.speisegesellschaft.ch\/index.php\/engagement\/stiftung-sp-bildung\/","name":"Stiftung SP Bildung - Speisegesellschaft Winterthur","isPartOf":{"@id":"https:\/\/www.speisegesellschaft.ch\/#website"},"datePublished":"2016-01-08T13:19:59+00:00","dateModified":"2016-01-08T14:42:08+00:00","breadcrumb":{"@id":"https:\/\/www.speisegesellschaft.ch\/index.php\/engagement\/stiftung-sp-bildung\/#breadcrumb"},"inLanguage":"de","potentialAction":[{"@type":"ReadAction","target":["https:\/\/www.speisegesellschaft.ch\/index.php\/engagement\/stiftung-sp-bildung\/"]}]},{"@type":"BreadcrumbList","@id":"https:\/\/www.speisegesellschaft.ch\/index.php\/engagement\/stiftung-sp-bildung\/#breadcrumb","itemListElement":[{"@type":"ListItem","position":1,"name":"Home","item":"https:\/\/www.speisegesellschaft.ch\/"},{"@type":"ListItem","position":2,"name":"Engagement","item":"https:\/\/www.speisegesellschaft.ch\/index.php\/engagement\/"},{"@type":"ListItem","position":3,"name":"Stiftung SP Bildung"}]},{"@type":"WebSite","@id":"https:\/\/www.speisegesellschaft.ch\/#website","url":"https:\/\/www.speisegesellschaft.ch\/","name":"Speisegesellschaft Winterthur","description":"vormals Allgemeiner Arbeiter-Bildungs-Verein Winterthur","potentialAction":[{"@type":"SearchAction","target":{"@type":"EntryPoint","urlTemplate":"https:\/\/www.speisegesellschaft.ch\/?s={search_term_string}"},"query-input":{"@type":"PropertyValueSpecification","valueRequired":true,"valueName":"search_term_string"}}],"inLanguage":"de"}]}},"_links":{"self":[{"href":"https:\/\/www.speisegesellschaft.ch\/index.php\/wp-json\/wp\/v2\/pages\/25","targetHints":{"allow":["GET"]}}],"collection":[{"href":"https:\/\/www.speisegesellschaft.ch\/index.php\/wp-json\/wp\/v2\/pages"}],"about":[{"href":"https:\/\/www.speisegesellschaft.ch\/index.php\/wp-json\/wp\/v2\/types\/page"}],"author":[{"embeddable":true,"href":"https:\/\/www.speisegesellschaft.ch\/index.php\/wp-json\/wp\/v2\/users\/3"}],"replies":[{"embeddable":true,"href":"https:\/\/www.speisegesellschaft.ch\/index.php\/wp-json\/wp\/v2\/comments?post=25"}],"version-history":[{"count":4,"href":"https:\/\/www.speisegesellschaft.ch\/index.php\/wp-json\/wp\/v2\/pages\/25\/revisions"}],"predecessor-version":[{"id":64,"href":"https:\/\/www.speisegesellschaft.ch\/index.php\/wp-json\/wp\/v2\/pages\/25\/revisions\/64"}],"up":[{"embeddable":true,"href":"https:\/\/www.speisegesellschaft.ch\/index.php\/wp-json\/wp\/v2\/pages\/20"}],"wp:attachment":[{"href":"https:\/\/www.speisegesellschaft.ch\/index.php\/wp-json\/wp\/v2\/media?parent=25"}],"curies":[{"name":"wp","href":"https:\/\/api.w.org\/{rel}","templated":true}]}}