{"id":266,"date":"2016-03-24T15:19:31","date_gmt":"2016-03-24T14:19:31","guid":{"rendered":"http:\/\/www.speisegesellschaft.ch\/?page_id=266"},"modified":"2016-04-14T13:49:43","modified_gmt":"2016-04-14T11:49:43","slug":"jubilaeumsfilm","status":"publish","type":"page","link":"https:\/\/www.speisegesellschaft.ch\/index.php\/die-spisi\/jubilaeumsfilm\/","title":{"rendered":"Jubil\u00e4umsfilm"},"content":{"rendered":"<p>An der Jubil\u00e4umsveranstaltung \u00ab150 Jahre Speisegesellschaft\u00bb f\u00fchrte die Historikerin Heidi Witzig (Mitglied seit 2009) ein Gespr\u00e4ch mit Mitgliedern \u00fcber die Spisi-Vergangenheit.<\/p>\n<p><iframe loading=\"lazy\" src=\"https:\/\/player.vimeo.com\/video\/161056601\" width=\"500\" height=\"281\" frameborder=\"0\" allowfullscreen=\"allowfullscreen\"><\/iframe><\/p>\n<p><a href=\"https:\/\/vimeo.com\/161056601\">150 Jahre Speisegesellschaft Winterthur<\/a><\/p>\n<p>Am Gespr\u00e4ch teilgenommen haben:<\/p>\n<p><strong>Hans B\u00f6siger,<\/strong> Hausverwalter von 1981 bis 2003, Kassier von 1976 bis 2001<\/p>\n<p><strong>Henry M\u00fcller<\/strong>, Pr\u00e4sident von 1997 bis 2006<\/p>\n<p><strong>Werner N\u00fcssli,<\/strong> Vizepr\u00e4sident von 1997 bis 2004<\/p>\n<p><strong>Rita Seiler,<\/strong> Ersatzrevisorin von 1987 bis 1995, Revisorin von 1995 bis 2002<\/p>\n","protected":false},"excerpt":{"rendered":"<p>An der Jubil\u00e4umsveranstaltung \u00ab150 Jahre Speisegesellschaft\u00bb f\u00fchrte die Historikerin Heidi Witzig (Mitglied seit 2009) ein Gespr\u00e4ch mit Mitgliedern \u00fcber die Spisi-Vergangenheit. 150 Jahre Speisegesellschaft Winterthur Am Gespr\u00e4ch teilgenommen haben: Hans B\u00f6siger, Hausverwalter von 1981 bis 2003, Kassier von 1976 bis<\/p>\n","protected":false},"author":2,"featured_media":0,"parent":252,"menu_order":0,"comment_status":"closed","ping_status":"closed","template":"","meta":{"footnotes":""},"class_list":["post-266","page","type-page","status-publish","hentry"],"yoast_head":"<!-- This site is optimized with the Yoast SEO plugin v27.5 - https:\/\/yoast.com\/product\/yoast-seo-wordpress\/ -->\n<title>Jubil\u00e4umsfilm - Speisegesellschaft Winterthur<\/title>\n<meta name=\"description\" content=\"Speisegesellschaft; Winterthur; Arbeiterbewegung; Politik; Soziale Unrast; Arbeiterverein; Sozialdemokratische Partei; Juhu Winterthur; Steinberggasse\" \/>\n<meta name=\"robots\" content=\"index, follow, max-snippet:-1, max-image-preview:large, max-video-preview:-1\" \/>\n<link rel=\"canonical\" href=\"https:\/\/www.speisegesellschaft.ch\/index.php\/die-spisi\/jubilaeumsfilm\/\" \/>\n<meta property=\"og:locale\" content=\"de_DE\" \/>\n<meta property=\"og:type\" content=\"article\" \/>\n<meta property=\"og:title\" content=\"Jubil\u00e4umsfilm - Speisegesellschaft Winterthur\" \/>\n<meta property=\"og:description\" content=\"Speisegesellschaft; Winterthur; Arbeiterbewegung; Politik; Soziale Unrast; Arbeiterverein; Sozialdemokratische Partei; Juhu Winterthur; Steinberggasse\" \/>\n<meta property=\"og:url\" content=\"https:\/\/www.speisegesellschaft.ch\/index.php\/die-spisi\/jubilaeumsfilm\/\" \/>\n<meta property=\"og:site_name\" content=\"Speisegesellschaft Winterthur\" \/>\n<meta property=\"article:modified_time\" content=\"2016-04-14T11:49:43+00:00\" \/>\n<meta name=\"twitter:card\" content=\"summary_large_image\" \/>\n<script type=\"application\/ld+json\" class=\"yoast-schema-graph\">{\"@context\":\"https:\\\/\\\/schema.org\",\"@graph\":[{\"@type\":\"WebPage\",\"@id\":\"https:\\\/\\\/www.speisegesellschaft.ch\\\/index.php\\\/die-spisi\\\/jubilaeumsfilm\\\/\",\"url\":\"https:\\\/\\\/www.speisegesellschaft.ch\\\/index.php\\\/die-spisi\\\/jubilaeumsfilm\\\/\",\"name\":\"Jubil\u00e4umsfilm - Speisegesellschaft Winterthur\",\"isPartOf\":{\"@id\":\"https:\\\/\\\/www.speisegesellschaft.ch\\\/#website\"},\"datePublished\":\"2016-03-24T14:19:31+00:00\",\"dateModified\":\"2016-04-14T11:49:43+00:00\",\"description\":\"Speisegesellschaft; Winterthur; Arbeiterbewegung; Politik; Soziale Unrast; Arbeiterverein; Sozialdemokratische Partei; Juhu Winterthur; Steinberggasse\",\"breadcrumb\":{\"@id\":\"https:\\\/\\\/www.speisegesellschaft.ch\\\/index.php\\\/die-spisi\\\/jubilaeumsfilm\\\/#breadcrumb\"},\"inLanguage\":\"de\",\"potentialAction\":[{\"@type\":\"ReadAction\",\"target\":[\"https:\\\/\\\/www.speisegesellschaft.ch\\\/index.php\\\/die-spisi\\\/jubilaeumsfilm\\\/\"]}]},{\"@type\":\"BreadcrumbList\",\"@id\":\"https:\\\/\\\/www.speisegesellschaft.ch\\\/index.php\\\/die-spisi\\\/jubilaeumsfilm\\\/#breadcrumb\",\"itemListElement\":[{\"@type\":\"ListItem\",\"position\":1,\"name\":\"Home\",\"item\":\"https:\\\/\\\/www.speisegesellschaft.ch\\\/\"},{\"@type\":\"ListItem\",\"position\":2,\"name\":\"Die \u00abSpisi\u00bb\",\"item\":\"https:\\\/\\\/www.speisegesellschaft.ch\\\/index.php\\\/die-spisi\\\/\"},{\"@type\":\"ListItem\",\"position\":3,\"name\":\"Jubil\u00e4umsfilm\"}]},{\"@type\":\"WebSite\",\"@id\":\"https:\\\/\\\/www.speisegesellschaft.ch\\\/#website\",\"url\":\"https:\\\/\\\/www.speisegesellschaft.ch\\\/\",\"name\":\"Speisegesellschaft Winterthur\",\"description\":\"vormals Allgemeiner Arbeiter-Bildungs-Verein Winterthur\",\"potentialAction\":[{\"@type\":\"SearchAction\",\"target\":{\"@type\":\"EntryPoint\",\"urlTemplate\":\"https:\\\/\\\/www.speisegesellschaft.ch\\\/?s={search_term_string}\"},\"query-input\":{\"@type\":\"PropertyValueSpecification\",\"valueRequired\":true,\"valueName\":\"search_term_string\"}}],\"inLanguage\":\"de\"}]}<\/script>\n<!-- \/ Yoast SEO plugin. -->","yoast_head_json":{"title":"Jubil\u00e4umsfilm - Speisegesellschaft Winterthur","description":"Speisegesellschaft; Winterthur; Arbeiterbewegung; Politik; Soziale Unrast; Arbeiterverein; Sozialdemokratische Partei; Juhu Winterthur; Steinberggasse","robots":{"index":"index","follow":"follow","max-snippet":"max-snippet:-1","max-image-preview":"max-image-preview:large","max-video-preview":"max-video-preview:-1"},"canonical":"https:\/\/www.speisegesellschaft.ch\/index.php\/die-spisi\/jubilaeumsfilm\/","og_locale":"de_DE","og_type":"article","og_title":"Jubil\u00e4umsfilm - Speisegesellschaft Winterthur","og_description":"Speisegesellschaft; Winterthur; Arbeiterbewegung; Politik; Soziale Unrast; Arbeiterverein; Sozialdemokratische Partei; Juhu Winterthur; Steinberggasse","og_url":"https:\/\/www.speisegesellschaft.ch\/index.php\/die-spisi\/jubilaeumsfilm\/","og_site_name":"Speisegesellschaft Winterthur","article_modified_time":"2016-04-14T11:49:43+00:00","twitter_card":"summary_large_image","schema":{"@context":"https:\/\/schema.org","@graph":[{"@type":"WebPage","@id":"https:\/\/www.speisegesellschaft.ch\/index.php\/die-spisi\/jubilaeumsfilm\/","url":"https:\/\/www.speisegesellschaft.ch\/index.php\/die-spisi\/jubilaeumsfilm\/","name":"Jubil\u00e4umsfilm - Speisegesellschaft Winterthur","isPartOf":{"@id":"https:\/\/www.speisegesellschaft.ch\/#website"},"datePublished":"2016-03-24T14:19:31+00:00","dateModified":"2016-04-14T11:49:43+00:00","description":"Speisegesellschaft; Winterthur; Arbeiterbewegung; Politik; Soziale Unrast; Arbeiterverein; Sozialdemokratische Partei; Juhu Winterthur; Steinberggasse","breadcrumb":{"@id":"https:\/\/www.speisegesellschaft.ch\/index.php\/die-spisi\/jubilaeumsfilm\/#breadcrumb"},"inLanguage":"de","potentialAction":[{"@type":"ReadAction","target":["https:\/\/www.speisegesellschaft.ch\/index.php\/die-spisi\/jubilaeumsfilm\/"]}]},{"@type":"BreadcrumbList","@id":"https:\/\/www.speisegesellschaft.ch\/index.php\/die-spisi\/jubilaeumsfilm\/#breadcrumb","itemListElement":[{"@type":"ListItem","position":1,"name":"Home","item":"https:\/\/www.speisegesellschaft.ch\/"},{"@type":"ListItem","position":2,"name":"Die \u00abSpisi\u00bb","item":"https:\/\/www.speisegesellschaft.ch\/index.php\/die-spisi\/"},{"@type":"ListItem","position":3,"name":"Jubil\u00e4umsfilm"}]},{"@type":"WebSite","@id":"https:\/\/www.speisegesellschaft.ch\/#website","url":"https:\/\/www.speisegesellschaft.ch\/","name":"Speisegesellschaft Winterthur","description":"vormals Allgemeiner Arbeiter-Bildungs-Verein Winterthur","potentialAction":[{"@type":"SearchAction","target":{"@type":"EntryPoint","urlTemplate":"https:\/\/www.speisegesellschaft.ch\/?s={search_term_string}"},"query-input":{"@type":"PropertyValueSpecification","valueRequired":true,"valueName":"search_term_string"}}],"inLanguage":"de"}]}},"_links":{"self":[{"href":"https:\/\/www.speisegesellschaft.ch\/index.php\/wp-json\/wp\/v2\/pages\/266","targetHints":{"allow":["GET"]}}],"collection":[{"href":"https:\/\/www.speisegesellschaft.ch\/index.php\/wp-json\/wp\/v2\/pages"}],"about":[{"href":"https:\/\/www.speisegesellschaft.ch\/index.php\/wp-json\/wp\/v2\/types\/page"}],"author":[{"embeddable":true,"href":"https:\/\/www.speisegesellschaft.ch\/index.php\/wp-json\/wp\/v2\/users\/2"}],"replies":[{"embeddable":true,"href":"https:\/\/www.speisegesellschaft.ch\/index.php\/wp-json\/wp\/v2\/comments?post=266"}],"version-history":[{"count":10,"href":"https:\/\/www.speisegesellschaft.ch\/index.php\/wp-json\/wp\/v2\/pages\/266\/revisions"}],"predecessor-version":[{"id":302,"href":"https:\/\/www.speisegesellschaft.ch\/index.php\/wp-json\/wp\/v2\/pages\/266\/revisions\/302"}],"up":[{"embeddable":true,"href":"https:\/\/www.speisegesellschaft.ch\/index.php\/wp-json\/wp\/v2\/pages\/252"}],"wp:attachment":[{"href":"https:\/\/www.speisegesellschaft.ch\/index.php\/wp-json\/wp\/v2\/media?parent=266"}],"curies":[{"name":"wp","href":"https:\/\/api.w.org\/{rel}","templated":true}]}}